y 108.
105
What is the remainder when 2258 is divided by 17?
14
Calculate the remainder when 4431 is divided by 1105.
11
What is the remainder when 249 is divided by 172?
77
Calculate the remainder when 128 is divided by 30.
8
Calculate the remainder when 63 is divided by 23.
17
Calculate the remainder when 214 is divided by 56.
46
What is the remainder when 172 is divided by 65?
42
What is the remainder when 1868 is divided by 36?
32
Calculate the remainder when 598 is divided by 223.
152
Calculate the remainder when 941 is divided by 197.
153
What is the remainder when 237 is divided by 86?
65
What is the remainder when 1870 is divided by 616?
22
Calculate the remainder when 128 is divided by 88.
40
Calculate the remainder when 166 is divided by 28.
26
Calculate the remainder when 181 is divided by 89.
3
Calculate the remainder when 135 is divided by 7.
2
Calculate the remainder when 357 is divided by 26.
19
What is the remainder when 583 is divided by 15?
13
Calculate the remainder when 376 is divided by 87.
28
What is the remainder when 65 is divided by 34?
31
What is the remainder when 26 is divided by 25?
1
What is the remainder when 5423 is divided by 86?
5
Calculate the remainder when 80 is divided by 40.
0
Calculate the remainder when 3029 is divided by 5.
4
Calculate the remainder when 347 is divided by 116.
115
Calculate the remainder when 74 is divided by 12.
2
What is the remainder when 51 is divided by 25?
1
Calculate the remainder when 57 is divided by 29.
28
Calculate the remainder when 95 is divided by 84.
11
What is the remainder when 13 is divided by 8?
5
Calculate the remainder when 493 is divided by 260.
233
What is the remainder when 80 is divided by 31?
18
Calculate the remainder when 107 is divided by 14.
9
Calculate the remainder when 1215 is divided by 273.
123
What is the remainder when 681 is divided by 232?
217
Calculate the remainder when 1845 is divided by 84.
81
What is the remainder when 323 is divided by 54?
53
Calculate the remainder when 147 is divided by 34.
11
What is the remainder when 69 is divided by 18?
15
Calculate the remainder when 393 is divided by 204.
189
What is the remainder when 51 is divided by 31?
20
What is the remainder when 951 is divided by 68?
67
Calculate the remainder when 1244 is divided by 39.
35
What is the remainder when 909 is divided by 76?
73
What is the remainder when 106 is divided by 6?
4
Calculate the remainder when 5706 is divided by 48.
42
Calculate the remainder when 112 is divided by 29.
25
Calculate the remainder when 445 is divided by 28.
25
What is the remainder when 775 is divided by 61?
43
Calculate the remainder when 44 is divided by 17.
10
What is the remainder when 2555 is divided by 12?
11
Calculate the remainder when 125 is divided by 33.
26
What is the remainder when 372 is divided by 120?
12
Calculate the remainder when 474 is divided by 33.
12
Calculate the remainder when 95 is divided by 21.
11
What is the remainder when 3676 is divided by 115?
111
Calculate the remainder when 2891 is divided by 21.
14
Calculate the remainder when 162 is divided by 34.
26
Calculate the remainder when 813 is divided by 12.
9
Calculate the remainder when 84947 is divided by 50.
47
What is the remainder when 426 is divided by 251?
175
What is the remainder when 384 is divided by 366?
18
Calculate the remainder when 2143 is divided by 305.
8
What is the remainder when 1725 is divided by 72?
69
Calculate the remainder when 22 is divided by 4.
2
What is the remainder when 108 is divided by 19?
13
Calculate the remainder when 169 is divided by 80.
9
Calculate the remainder when 215 is divided by 5.
0
What is the remainder when 204 is divided by 8?
4
Calculate the remainder when 1216 is divided by 14.
12
Calculate the remainder when 166 is divided by 4.
2
Calculate the remainder when 2160 is divided by 108.
0
What is the remainder when 462 is divided by 47?
39
What is the remainder when 165 is divided by 21?
18
Calculate the remainder when 113074 is divided by 27.
25
What is the remainder when 523 is divided by 10?
3
Calculate the remainder when 214 is divided by 106.
2
What is the remainder when 1700 is divided by 134?
92
Calculate the remainder when 724 is divided by 10.
4
What is the remainder when 1709 is divided by 29?
27
Calculate the remainder when 1627 is divided by 37.
36
What is the remainder when 967 is divided by 313?
28
Calculate the remainder when 338 is divided by 49.
44
What is the remainder when 47 is divided by 9?
2
Calculate the remainder when 22296 is divided by 20.
16
What is the remainder when 8845 is divided by 38?
29
Calculate the remainder when 425 is divided by 33.
29
What is the remainder when 4713 is divided by 181?
7
What is the remainder when 217 is divided by 34?
13
Calculate the remainder when 669 is divided by 42.
39
Calculate the remainder when 108 is divided by 25.
8
Calculate the remainder when 3549 is divided by 25.
24
What is the remainder when 180 is divided by 32?
20
What is the remainder when 2800 is divided by 73?
26
What is the remainder when 253 is divided by 15?
13
Calculate the remainder when 4058 is divided by 116.
114
What is the remainder when 11366 is divided by 116?
114
What is the remainder when 230 is divided by 60?
50
Calculate the remainder when 266 is divided by 82.
20
Calculate the remainder when 103 is divided by 28.
19
Calculate the remainder when 132 is divided by 19.
18
What is the remainder when 302 is divided by 18?
14
Calculate the remainder when 1492 is divided by 294.
22
What is the remainder when 628 is divided by 370?
258
Calculate the remainder when 1230 is divided by 1197.
33
What is the remainder when 367 is divided by 97?
76
Calculate the remainder when 419 is divided by 12.
11
Calculate the remainder when 57 is divided by 40.
17
Calculate the remainder when 2506 is divided by 115.
91
What is the remainder when 129 is divided by 44?
41
What is the remainder when 1732 is divided by 62?
58
Calculate the remainder when 10704 is divided by 5.
4
What is the remainder when 21278 is divided by 14?
12
Calculate the remainder when 953 is divided by 913.
40
What is the remainder when 2020 is divided by 203?
193
What is the remainder when 119 is divided by 26?
15
What is the remainder when 226 is divided by 78?
70
Calculate the remainder when 1676 is divided by 84.
80
What is the remainder when 1070 is divided by 529?
12
What is the remainder when 24 is divided by 16?
8
What is the remainder when 757 is divided by 174?
61
What is the remainder when 606 is divided by 186?
48
What is the remainder when 469 is divided by 19?
13
Calculate the remainder when 908 is divided by 19.
15
What is the remainder when 4252 is divided by 14?
10
Calculate the remainder when 1527 is divided by 51.
48
Calculate the remainder when 3891 is divided by 11.
8
Calculate the remainder when 102 is divided by 29.
15
What is the remainder when 611 is divided by 9?
8
Calculate the remainder when 88 is divided by 45.
43
Calculate the remainder when 214 is divided by 7.
4
Calculate the remainder when 2138 is divided by 107.
105
What is the remainder when 5638 is divided by 4?
2
What is the remainder when 5960 is divided by 11?
9
Calculate the remainder when 41 is divided by 11.
8
Calculate the remainder when 2379 is divided by 395.
9
Calculate the remainder when 1460 is divided by 480.
20
What is the remainder when 682 is divided by 99?
88
What is the remainder when 272 is divided by 50?
22
Calculate the remainder when 4427 is divided by 193.
181
Calculate the remainder when 74 is divided by 36.
2
Calculate the remainder when 61 is divided by 16.
13
What is the remainder when 26111 is divided by 102?
101
What is the remainder when 197 is divided by 20?
17
Calculate the remainder when 248 is divided by 21.
17
Calculate the remainder when 2473 is divided by 118.
113
Calculate the remainder when 4476 is divided by 188.
152
What is the remainder when 14 is divided by 8?
6
What is the remainder when 65 is divided by 17?
14
What is the remainder when 730 is divided by 61?
59
What is the remainder when 1641 is divided by 27?
21
Calculate the remainder when 422 is divided by 69.
8
What is the remainder when 133 is divided by 20?
13
Calculate the remainde